is -ab (base 14) in base 4?
-2113
-2020203 (base 4) to base 6
-104243
32f1 (base 16) to base 15
3ce6
What is 2860 (base 10) in base 5?
42420
Convert 100020 (base 6) to base 4.
1321230
What is 807 (base 12) in base 16?
487
54634 (base 7) to base 14
4dc4
Convert -200221 (base 3) to base 5.
-4021
What is 748 (base 9) in base 14?
319
-206 (base 15) to base 16
-1c8
Convert 40044 (base 5) to base 2.
100111011100
31201332 (base 4) to base 11
38704
What is 600 (base 11) in base 3?
222220
What is 2431 (base 11) in base 16?
c6c
Convert -1b75 (base 15) to base 8.
-13510
Convert 10443 (base 7) to base 4.
221010
-31110 (base 7) to base 15
-23bc
Convert 2512 (base 6) to base 5.
4440
100000011010 (base 2) to base 5
31244
What is 535 (base 9) in base 8?
665
Convert -156a5 (base 14) to base 10.
-53457
8702 (base 11) to base 14
4293
What is -50451 (base 11) in base 14?
-1cc37
Convert -130032 (base 5) to base 13.
-238c
712 (base 10) to base 13
42a
-8863 (base 10) to base 13
-405a
Convert 81b (base 13) to base 12.
968
-1a573 (base 14) to base 7
-366103
Convert 10101100001100 (base 2) to base 16.
2b0c
Convert b15 (base 13) to base 12.
1105
1df (base 16) to base 2
111011111
What is 205032 (base 6) in base 2?
100000100001100
Convert 878 (base 11) to base 12.
739
What is -136312 (base 7) in base 6?
-321224
333301 (base 4) to base 2
111111110001
-5f3 (base 16) to base 15
-6b8
What is -2100 (base 7) in base 16?
-2df
What is 4336 (base 8) in base 3?
10010002
Convert 114204 (base 5) to base 11.
3263
What is -1111001 (base 4) in base 15?
-192b
What is 11802 (base 12) in base 7?
125600
221001010 (base 3) to base 15
5620
What is 4561 (base 8) in base 14?
c49
Convert -1011011111111111 (base 2) to base 8.
-133777
1127 (base 8) to base 10
599
Convert 1201101 (base 4) to base 12.
3729
-6504 (base 8) to base 14
-1348
What is 11713 (base 8) in base 12?
2b23
-21134 (base 8) to base 4
-2021130
-3454 (base 7) to base 16
-4f0
2100101 (base 3) to base 5
23321
8173 (base 9) to base 5
142404
-35a1 (base 11) to base 3
-20110102
-127 (base 13) to base 16
-ca
251 (base 16) to base 9
728
What is 235d (base 15) in base 12?
4421
What is 4055 (base 10) in base 7?
14552
Convert -356536 (base 7) to base 16.
-fcf4
What is -1866 (base 15) in base 3?
-21020020
3022301 (base 4) to base 3
122210122
What is 2313 (base 4) in base 6?
503
Convert -8408 (base 11) to base 2.
-10101110000100
-325 (base 11) to base 14
-1dc
What is -30c8 (base 15) in base 13?
-4904
What is -102102222 (base 3) in base 5?
-231332
Convert -1122022 (base 3) to base 15.
-54b
-59876 (base 10) to base 7
-336365
What is -17981 (base 11) in base 14?
-9236
-6041 (base 12) to base 14
-3b21
Convert 1a1 (base 16) to base 10.
417
-14 (base 9) to base 14
-d
221020 (base 3) to base 4
22221
Convert 4020 (base 13) to base 9.
13073
100 (base 11) to base 13
94
Convert 10834 (base 9) to base 13.
33ac
-3577 (base 12) to base 10
-5995
-13a8 (base 12) to base 15
-a28
-2211022201 (base 3) to base 4
-31211113
What is -111010100001110 (base 2) in base 8?
-72416
What is -1111121222 (base 3) in base 16?
-73b2
What is -1032440 (base 5) in base 4?
-10113032
-4428 (base 15) to base 5
-430223
What is 32000 (base 4) in base 12?
628
-52562 (base 11) to base 5
-4422130
Convert -16312 (base 7) to base 16.
-1207
What is -3aa92 (base 11) in base 12?
-29a68
472d (base 15) to base 13
6b5c
What is 203002 (base 6) in base 4?
3331022
Convert 8d06 (base 14) to base 6.
305242
What is -b593 (base 15) in base 10?
-38388
What is 753 (base 12) in base 7?
3060
Convert -4141 (base 5) to base 11.
-457
What is -1022424 (base 5) in base 14?
-63d5
3417 (base 11) to base 7
16051
What is 133023 (base 4) in base 9?
2656
Convert -2324 (base 10) to base 9.
-3162
-864 (base 11) to base 6
-4450
21 (base 5) to base 2
1011
Convert 2525 (base 9) to base 10.
1886
What is 34488 (base 9) in base 2?
101100111011011
Convert 492c (base 15) to base 13.
7116
d2a (base 15) to base 12
1871
What is 2149 (base 12) in base 5?
104112
Convert -22825 (base 9) to base 7.
-62315
Convert 83f (base 16) to base 8.
4077
What is -2346 (base 7) in base 11?
-719
Convert -2112002 (base 3) to base 2.
-11100101110
Convert 732 (base 13) to base 15.
569
Convert 33429 (base 10) to base 5.
2032204
Convert -d9d (base 16) to base 6.
-24045
Convert 456 (base 7) to base 3.
22210
What is -11007 (base 8) in base 13?
-2140
What is 113310 (base 4) in base 5?
22044
Convert -7821 (base 9) to base 6.
-42414
-d45c (base 15) to base 10
-44862
What is 198dd (base 14) in base 4?
33311223
What is 22e (base 15) in base 2?
111101110
Convert 657 (base 12) to base 7.
2500
Convert 1797 (base 10) to base 6.
12153
What is 32012 (base 4) in base 16?
386
Convert 53135 (base 7) to base 14.
4ac5
Convert 2302 (base 4) to base 11.
152
What is 10568 (base 9) in base 11?
530a
Convert -103314 (base 6) to base 3.
-102201101
Convert 1002002 (base 4) to base 16.
1082
What is 213 (base 5) in base 6?
134
Convert 289 (base 12) to base 16.
189
What is 1101101100 (base 2) in base 3?
1012110
What is -20100 (base 6) in base 7?
-10443
-10001111111 (base 2) to base 5
-14101
a7a (base 12) to base 2
10111111110
Convert 61d4 (base 16) to base 15.
7649
Convert 10111 (base 4) to base 8.
425
What is 28279 (base 10) in base 13?
cb44
What is 1618 (base 16) in base 3?
21202111
Convert 2332111 (base 4) to base 11.
9174
What is aa2 (base 15) in base 9?
3258
16953 (base 15) to base 14
1c84a
Convert -3031010 (base 4) to base 16.
-3344
What is 30e (base 15) in base 11?
577
What is 279 (base 11) in base 5?
2303
-a02 (base 11) to base 6
-5340
Convert 124611 (base 9) to base 3.
10211200101
What is 1213 (base 7) in base 12?
317
-18445 (base 10) to base 5
-1042240
1131 (base 7) to base 10
414
What is 31221 (base 4) in base 6?
4013
What is -563 (base 7) in base 4?
-10202
What is 12403 (base 5) in base 12?
696
What is -1422 (base 5) in base 4?
-3231
What is -588 (base 9) in base 5?
-3420
What is -27224 (base 9) in base 3?
-221020211
Convert -853 (base 11) to base 9.
-1360
What is -1110101 (base 3) in base 10?
-1063
Convert -4a2 (base 12) to base 15.
-318
Convert -4340 (base 6) to base 14.
-512
What is -353a (base 11) in base 13?
-2160
Convert 220222 (base 3) to base 4.
22202
24 (base 11) to base 8
32
-10110100011 (base 2) to base 5
-21233
Convert 1042 (base 7) to base 10.
373
What is -100110011 (base 2) in base 14?
-17d
What is -1a803 (base 12) in base 7?
-222126
What is 45535 (base 6) in base 14?
24dd
-1d86 (base 16) to base 5
-220213
What is -1001 (base 7) in base 6?
-1332
Convert 3524 (base 9) to base 12.
161a
What is 424 (base 10) in base 8?
650
Convert 11112010211 (base 3) to base 2.
10101101111010001
-220002 (base 3) to base 9
-802
What is 28c3 (base 13) in base 8?
13421
-ac5 (base 16) to base 6
-20433
What is -12537 (base 10) in base 15?
-3aac
What is -50617 (base 8) in base 3?
-1001122022
1221022 (base 4) to base 8
15112
What is -648 (base 11) in base 12?
-54a
What is -2b6b (base 12) in base 5?
-130443
What is 28518 (base 10) in base 16?
6f66
What is -20332 (base 4) in base 15?
-284
-5aa (base 11) to base 9
-885
What is -3b3 (base 13) in base 10?
-653
2522 (base 6) to base 4
21302
-62933 (base 10) to base 5
-4003213
Convert 10021 (base 7) to base 9.
3274
11b9b (base 13) to base 4
13333221
Convert 222111 (base 3) to base 10.
715
Convert -411 (base 5) to base 7.
-211
Convert 400 (base 11) to base 4.
13210
What is 5840 (base 12) in base 14?
382c
Convert -176 (base 13) to base 8.
-412
160 (base 7) to base 15
61
Convert -2086 (base 14) to base 6.
-41542
What is -1697 (base 10) in base 4?
-122201
Convert -11110110100 (base 2) to base 3.
-2201001
Convert 12222020 (base 3) to base 14.
182d
240 (base 5) to base 8
106
What is -10001001 (base 2) in base 6?
-345
What is 7345 (base 14) in base 12?
b5a9
What is 221102 (base 4) in base 15?
bb2
19807 (base 10) to base 6
231411
What is 50a8 (base 14) in base 15?
4198
What is 1051 (base 15) in base 16?
d7b
Convert -4526 (base 7) to base 14.
-84d
Convert 11310 (base 6) to base 15.
736
Convert 10764 (base 9) to base 7.
26644
Convert -988c (base 15) to base 14.
-bab9
What is 417 (base 13) in base 6?
3120
5cb0 (base 13) to base 7
53233
Convert -5343 (base 8) to base 7.
-11061
-110000100110 (base 2) to base 10
-3110
What is -11202 (base 5) in ba